nits digit of 31490530?
0
What is the units digit of 152837910?
0
What is the hundreds digit of 3999214842?
8
What is the ten millions digit of 906994254?
0
What is the ten thousands digit of 93715270?
1
What is the millions digit of 750688739?
0
What is the units digit of 30675265?
5
What is the hundred thousands digit of 20223884?
2
What is the thousands digit of 135164344?
4
What is the millions digit of 56410119?
6
What is the thousands digit of 27870429?
0
What is the hundred millions digit of 4641828890?
6
What is the hundred thousands digit of 140064522?
0
What is the hundred thousands digit of 1767169?
7
What is the billions digit of 4243621433?
4
What is the thousands digit of 108366952?
6
What is the hundred millions digit of 2781579884?
7
What is the thousands digit of 982367161?
7
What is the hundred thousands digit of 40138128?
1
What is the units digit of 158099328?
8
What is the hundred thousands digit of 227882271?
8
What is the thousands digit of 23787796?
7
What is the units digit of 3807908797?
7
What is the hundred millions digit of 420705078?
4
What is the millions digit of 41092282?
1
What is the ten millions digit of 2068754239?
6
What is the thousands digit of 24542976?
2
What is the thousands digit of 130304529?
4
What is the hundreds digit of 4399521637?
6
What is the tens digit of 767896082?
8
What is the ten thousands digit of 2455375570?
7
What is the thousands digit of 60583914?
3
What is the thousands digit of 2583205734?
5
What is the hundred millions digit of 777458066?
7
What is the hundred millions digit of 102077037?
1
What is the ten thousands digit of 87191893?
9
What is the hundred thousands digit of 2034732784?
7
What is the tens digit of 130164077?
7
What is the tens digit of 555260690?
9
What is the thousands digit of 211255374?
5
What is the tens digit of 98804173?
7
What is the ten thousands digit of 105152274?
5
What is the thousands digit of 314034073?
4
What is the hundred thousands digit of 63358132?
3
What is the ten thousands digit of 2895875?
9
What is the ten thousands digit of 1081411080?
1
What is the units digit of 35881485?
5
What is the hundreds digit of 78522431?
4
What is the thousands digit of 839207988?
7
What is the ten millions digit of 1038286586?
3
What is the millions digit of 38829982?
8
What is the units digit of 125573470?
0
What is the units digit of 960452803?
3
What is the ten thousands digit of 28885612?
8
What is the hundreds digit of 50482062?
0
What is the billions digit of 4660700556?
4
What is the hundred thousands digit of 607795831?
7
What is the tens digit of 23412845?
4
What is the ten thousands digit of 7184752?
8
What is the hundreds digit of 2804897355?
3
What is the units digit of 5520489880?
0
What is the ten thousands digit of 494080754?
8
What is the ten millions digit of 61515191?
6
What is the tens digit of 39322701?
0
What is the hundreds digit of 1322467551?
5
What is the billions digit of 3980604692?
3
What is the tens digit of 95387062?
6
What is the thousands digit of 5104860363?
0
What is the ten thousands digit of 376933675?
3
What is the hundred thousands digit of 152536452?
5
What is the ten thousands digit of 139231530?
3
What is the units digit of 86026792?
2
What is the ten millions digit of 92741714?
9
What is the units digit of 9411285207?
7
What is the millions digit of 1884932930?
4
What is the millions digit of 140083744?
0
What is the hundred millions digit of 3405083291?
4
What is the billions digit of 2383657006?
2
What is the hundred thousands digit of 7374761187?
7
What is the hundred thousands digit of 113173150?
1
What is the billions digit of 1850325536?
1
What is the hundred thousands digit of 128620285?
6
What is the hundred millions digit of 737831135?
7
What is the tens digit of 118710558?
5
What is the billions digit of 5639376112?
5
What is the units digit of 265272092?
2
What is the billions digit of 2689711400?
2
What is the billions digit of 1391620330?
1
What is the ten thousands digit of 425910546?
1
What is the hundreds digit of 45025987?
9
What is the ten millions digit of 23042553?
2
What is the ten millions digit of 408010778?
0
What is the ten millions digit of 296448158?
9
What is the millions digit of 194915341?
4
What is the ten millions digit of 2959207209?
5
What is the ten thousands digit of 285521421?
2
What is the hundred thousands digit of 5059446828?
4
What is the ten millions digit of 5656128272?
5
What is the ten millions digit of 237795567?
3
What is the ten millions digit of 2103539190?
0
What is the millions digit of 1693713579?
3
What is the hundred thousands digit of 1245492395?
4
What is the hundred thousands digit of 156940817?
9
What is the millions digit of 6185153532?
5
What is the hundred thousands digit of 24883237?
8
What is the ten thousands digit of 34863259?
6
What is the hundred thousands digit of 123365208?
3
What is the hundred thousands digit of 113600069?
6
What is the hundred millions digit of 654824464?
6
What is the millions digit of 601995846?
1
What is the millions digit of 142889591?
2
What is the tens digit of 660355914?
1
What is the ten millions digit of 108124493?
0
What is the tens digit of 4431024880?
8
What is the units digit of 55960800?
0
What is the ten thousands digit of 4044790709?
9
What is the millions digit of 401577104?
1
What is the thousands digit of 184791382?
1
What is the hundreds digit of 22542897?
8
What is the hundreds digit of 252742765?
7
What is the ten millions digit of 1050807273?
5
What is the ten thousands digit of 239153159?
5
What is the billions digit of 1242163620?
1
What is the thousands digit of 1979903847?
3
What is the hundreds digit of 33297144?
1
What is the ten millions digit of 1033224050?
3
What is the hundred thousands digit of 93672525?
6
What is the units digit of 6948852?
2
What is the ten millions digit of 90207462?
9
What is the millions digit of 127535089?
7
What is the tens digit of 226945012?
1
What is the ten millions digit of 4902171660?
0
What is the ten thousands digit of 617167672?
6
What is the ten millions digit of 9314637163?
1
What is the hundred thousands digit of 129251911?
2
What is the millions digit of 293004776?
3
What is the hundred thousands digit of 522720263?
7
What is the billions digit of 1132600622?
1
What is the ten thousands digit of 51588179?
8
What is the units digit of 99547553?
3
What is the hundred thousands digit of 109626741?
6
What is the thousands digit of 2007988172?
8
What is the ten millions digit of 1474683642?
7
What is the hundreds digit of 220143262?
2
What is the thousands digit of 59316357?
6
What is the hundred thousands digit of 3948732668?
7
What is the hundred millions digit of 4491433339?
4
What is the billions digit of 7457811335?
7
What is the tens digit of 2312569731?
3
What is the tens digit of 537470526?
2
What is the millions digit of 37529421?
7
What is the thousands digit of 17930493?
0
What is the ten millions digit of 793868329?
9
What is the hundred thousands digit of 91146992?
1
What is the hundred thousands digit of 157455142?
4
What is the units digit of 481269515?
5
What is the tens digit of 387678132?
3
What is the units digit of 187916109?
9
What is the thousands digit of 1460422?
0
What is the thousands digit of 84160307?
0
What is the ten millions digit of 3507273777?
0
What is the hundreds digit of 1518672208?
2
What is the hundred millions digit of 574441334?
5
What is the ten thousands digit of 741194326?
9
What is the millions digit of 3733973936?
3
What is the thousands digit of 258063262?
3
What is the ten thousands digit of 1248958114?
5
What is the hundreds digit of 592759366?
3
What is the millions digit of 15099011?
5
What is the thousands digit of 5777078063?
8
What is the hundreds digit of 70617449?
4
What is the millions digit of 92116418?
2
What is the billions digit of 1072783830?
1
What is the ten thousands digit of 31783115?
8
What is the millions digit of 56703885?
6
What is the tens digit of 78530527?
2
What is the ten thousands digit of 70660267?
6
What is the hundred thousands digit of 307181256?
1
What is the tens digit of 183429698?
9
What is the tens digit of 171742079?
7
What is the hundred thousands digit of 496038133?
0
What is